mmon factor of 207 and 56817.
9
Calculate the greatest common factor of 3006 and 103874.
334
Calculate the highest common factor of 612 and 45764.
68
What is the greatest common divisor of 2598 and 3607323?
1299
What is the highest common factor of 13002 and 12214?
394
Calculate the highest common factor of 28792 and 23954.
118
What is the highest common divisor of 54 and 6714?
18
What is the highest common divisor of 3819 and 87033?
201
What is the greatest common factor of 63 and 274347?
9
What is the highest common factor of 17815 and 7630?
35
Calculate the highest common divisor of 8437 and 28171.
143
What is the highest common factor of 38 and 304342?
38
What is the greatest common factor of 167580 and 5852?
532
Calculate the highest common factor of 1121792 and 4069.
313
What is the highest common factor of 824421 and 39?
39
Calculate the highest common factor of 64620 and 4770.
90
Calculate the greatest common factor of 141 and 301317.
141
What is the greatest common factor of 406 and 1566?
58
Calculate the highest common factor of 23613 and 969.
51
What is the greatest common factor of 318 and 60526?
106
Calculate the highest common factor of 2056890 and 330.
330
Calculate the greatest common factor of 323 and 798779.
323
What is the greatest common divisor of 18 and 7065?
9
Calculate the greatest common divisor of 26675 and 20855.
485
Calculate the highest common divisor of 17119 and 154394.
323
Calculate the greatest common factor of 3829724 and 4.
4
What is the greatest common factor of 12969 and 6237?
99
What is the greatest common factor of 112 and 165116?
28
Calculate the greatest common factor of 30407 and 1677.
13
Calculate the highest common divisor of 238 and 2433788.
238
What is the highest common factor of 30 and 284290?
10
What is the greatest common divisor of 270845 and 95?
95
Calculate the highest common divisor of 1608 and 3960.
24
What is the greatest common divisor of 756 and 123060?
84
What is the highest common factor of 4014 and 522?
18
What is the greatest common factor of 26567 and 217?
31
What is the greatest common factor of 2646 and 2844?
18
What is the highest common divisor of 20677 and 72819?
899
What is the greatest common factor of 98 and 74326?
14
What is the highest common divisor of 17014 and 7144?
94
Calculate the highest common divisor of 268488 and 1056.
264
Calculate the greatest common divisor of 665 and 3710.
35
Calculate the highest common divisor of 569670 and 170.
170
Calculate the greatest common divisor of 320 and 34020.
20
Calculate the highest common factor of 66 and 12210.
66
What is the highest common factor of 90 and 39024?
18
What is the greatest common factor of 66204 and 240?
12
What is the greatest common factor of 129267 and 2173?
53
Calculate the highest common factor of 362 and 743186.
362
Calculate the greatest common factor of 313348 and 651.
217
What is the highest common divisor of 52910 and 2585?
55
What is the greatest common divisor of 4526 and 1674?
62
What is the highest common divisor of 208 and 63520?
16
What is the highest common divisor of 96252 and 156?
156
Calculate the highest common factor of 73687 and 465.
31
Calculate the greatest common divisor of 1525 and 4925.
25
What is the highest common factor of 40 and 332400?
40
What is the highest common divisor of 79 and 247823?
79
What is the greatest common divisor of 850 and 244120?
170
What is the highest common factor of 39 and 3219658?
13
Calculate the highest common divisor of 285 and 115455.
15
What is the greatest common factor of 3920 and 1036?
28
Calculate the greatest common factor of 300 and 1847500.
100
What is the highest common factor of 4366 and 18526?
118
What is the highest common factor of 12525 and 35275?
25
What is the highest common divisor of 100 and 1170775?
25
What is the greatest common factor of 2909199 and 444?
111
What is the greatest common factor of 1133 and 13288957?
1133
Calculate the greatest common divisor of 97860 and 810.
30
Calculate the highest common factor of 702 and 9666.
54
Calculate the highest common divisor of 2796 and 2.
2
Calculate the greatest common factor of 55 and 338140.
55
Calculate the greatest common divisor of 160161 and 3940.
197
Calculate the highest common divisor of 409072 and 2960.
592
What is the highest common divisor of 7004 and 160268?
412
Calculate the highest common divisor of 9091 and 1.
1
What is the greatest common factor of 1168 and 336092?
292
Calculate the greatest common factor of 87075 and 258.
129
Calculate the greatest common divisor of 98959 and 469.
469
Calculate the highest common factor of 16415 and 56.
7
Calculate the greatest common divisor of 3762 and 24282.
342
Calculate the highest common factor of 155 and 14773205.
155
What is the highest common factor of 2 and 32146?
2
What is the highest common factor of 3520 and 7880?
40
Calculate the greatest common divisor of 169032 and 72.
24
Calculate the greatest common divisor of 200 and 935500.
100
Calculate the highest common factor of 1999236 and 48.
12
Calculate the highest common divisor of 76241 and 1673.
239
Calculate the highest common factor of 4770 and 101070.
90
What is the highest common divisor of 2376 and 61556?
44
What is the greatest common divisor of 59110 and 2313?
257
What is the greatest common divisor of 273246 and 12?
6
Calculate the greatest common divisor of 5194 and 714.
14
Calculate the greatest common divisor of 1095786 and 1530.
306
What is the greatest common factor of 32 and 551056?
16
What is the highest common divisor of 33427 and 43?
1
What is the greatest common divisor of 5955 and 10?
5
Calculate the highest common divisor of 284998 and 14.
14
Calculate the highest common divisor of 44 and 204144.
4
What is the greatest common divisor of 22320 and 1260?
180
What is the highest common divisor of 5073 and 10602?
57
Calculate the highest common factor of 348208 and 112.
112
What is the highest common divisor of 187 and 97999?
11
Calculate the greatest common divisor of 12445 and 380.
95
What is the highest common factor of 7958 and 3473?
23
What is the greatest common divisor of 2484 and 12052?
92
Calculate the highest common factor of 71444 and 2332.
212
What is the greatest common factor of 4 and 141562?
2
What is the highest common factor of 1364961 and 156?
39
Calculate the highest common factor of 602 and 420.
14
What is the greatest common factor of 399 and 36687?
21
What is the highest common divisor of 935185 and 265?
265
Calculate the greatest common factor of 1832 and 38243.
229
Calculate the greatest common divisor of 457385 and 20.
5
What is the greatest common factor of 10 and 3511380?
10
Calculate the greatest common factor of 1236 and 78795.
309
What is the greatest common factor of 2184 and 76776?
168
Calculate the highest common factor of 972 and 1088316.
324
Calculate the greatest common divisor of 623 and 240923.
89
What is the greatest common factor of 608 and 16544?
32
What is the greatest common divisor of 814169 and 133?
19
What is the highest common divisor of 6126 and 114?
6
Calculate the greatest common divisor of 4120 and 143479.
103
What is the highest common divisor of 33 and 10571?
11
What is the highest common divisor of 2814373 and 974?
487
What is the greatest common divisor of 27258 and 6?
6
Calculate the greatest common factor of 160 and 35120.
80
What is the highest common divisor of 4 and 67716?
4
What is the greatest common divisor of 154818 and 94?
94
Calculate the greatest common divisor of 71116 and 26082.
46
Calculate the greatest common divisor of 1350 and 478350.
450
What is the highest common factor of 92 and 437?
23
Calculate the highest common divisor of 110 and 1276.
22
What is the highest common divisor of 152 and 409336?
152
What is the greatest common divisor of 96610 and 320?
10
What is the highest common divisor of 74 and 100751?
37
What is the highest common factor of 5304 and 952?
136
What is the highest common factor of 375 and 729075?
75
What is the greatest common divisor of 855920 and 6240?
1040
Calculate the greatest common divisor of 13283 and 2479.
37
Calculate the highest common divisor of 20008 and 13448.
328
Calculate the highest common divisor of 1515 and 9870.
15
Calculate the highest 